 (-2 + 8)/2. What is x(q)?
3
Suppose 3*o + 5*n - 158 = 0, -32*o - 4*n = -33*o + 13. Let g(b) = -b**2 + 41*b + 3. Give g(o).
3
Let z(x) = 4*x + 11*x - 3*x + 11*x**2 + 7 - x**3 + 0*x. Suppose -48 + 12 = -3*h. What is z(h)?
7
Let r(k) = -2*k + 5. Suppose 0*i + 9*i + 99 = 0. Let p = -9 - i. Suppose w = -t + 6*t + 22, -5*w - p = 3*t. What is r(t)?
13
Let r(q) = 0*q - 2*q + 57 + 58 - 106. Give r(3).
3
Let o(u) = -2*u**2 + 9*u. Let d(p) = -11*p**2 + 44*p + 5. Let i(m) = -d(m) + 5*o(m). Suppose -2*l = j + 3 - 16, 4*j + 4*l = 36. Give i(j).
25
Let d = -3514 + 3506. Let l(y) = 3*y - 3. What is l(d)?
-27
Let y(s) = 5 - 125*s - 121*s - 125*s + 372*s - 2. Suppose -2*t + d - 2 = -18, 0 = -4*t - 3*d + 32. Give y(t).
11
Let b(x) = -x**2 + x - 1. Let d(a) = -2*a**2 - 10*a + 15. Let t(r) = -b(r) + d(r). Let j(w) = 6*w + 37. Let c be j(-8). Give t(c).
16
Suppose 13 = -6*c + 7. Let b(q) = q**2 + 3*q - 5. Let f(m) = m - 1. Suppose 5*l = -3*l + 8. Let x(p) = c*b(p) + l*f(p). Give x(-3).
1
Let c(f) = -3*f - 5. Let a = 250 + -156. Suppose a = 10*s + 54. Determine c(s).
-17
Let n(i) = -i**2 + 2*i + 2. Let f be 10/(-15) + 1/(-3). Let v be f + (3 - -1) + -1. Let s = 6 - v. What is n(s)?
-6
Let k(h) = 34 + 6*h**3 - 295*h + 3*h**3 + 38*h**2 - 10*h**3 + 333*h. What is k(39)?
-5
Suppose -5*d + 3*i - 10 = 4, -3*d - 2*i - 16 = 0. Let z be (1 + (-1)/d)/((-5)/20). Let r(w) = -w**3 - 6*w**2 - 8*w - 6. Determine r(z).
9
Let o(j) = 15*j - 9. Let s be (-2312)/8092*2*(-8 - -1). Determine o(s).
51
Let r(j) be the second derivative of -j**4/12 - j**3/6 - j**2/2 + 12993*j. Let v(u) = -u**2 - 1. Let p be v(1). Determine r(p).
-3
Let w(k) be the second derivative of 7/2*k**2 + 1/20*k**5 + 5 - 4/3*k**3 - 3*k - 1/2*k**4. Determine w(7).
0
Let t = 17 - -2. Let z be 1 + 1 + t/(-19). Let j(k) = -6*k - 3. Let y(c) = -2*c - 1. Let g(f) = -2*j(f) + 7*y(f). Calculate g(z).
-3
Let p(k) be the second derivative of 19*k**3/3 - 263*k**2 + 259*k + 2. Give p(14).
6
Let t be -16 - 1339/(-78) - (-1)/(-6). Let y(r) = -3*r**2 - 2*r + 1. What is y(t)?
-4
Let o(x) = x**2 - 4*x + 1. Let p(f) = -f**3 - 7*f**2 - 6*f + 5. Let d be p(-6). Let h be o(d). Let r(j) = -j + h*j - 6*j. Give r(-6).
6
Let u(h) = h**3 + 7*h**2 - 7. Let l be 0*1/(-4) - 49. Let p = l - -42. What is u(p)?
-7
Let u = 266 - 257. Suppose 3*r = 3*p + u, 5*p - r + 3*r - 6 = 0. Let a(i) = -i**2 + i - 38. What is a(p)?
-38
Let f(t) = t**2 - 4*t - 8. Let d(h) = -1. Let l(n) = -6*d(n) - f(n). Suppose -99*s - 77 = -110*s. Calculate l(s).
-7
Let t(k) = -k**2 + 12*k - 10. Let b be (18/(-60))/((-9)/450). Give t(b).
-55
Let g(p) be the first derivative of -p**4/4 + 4*p**3/3 - p**2 + 2*p - 145. Suppose 0 = -2*z + 3*z - 2. What is g(z)?
6
Let q(g) = 9*g**3 + g + 1. Let p(f) = 5*f - 96. Suppose 21*o = 24*o - 57. Let z be p(o). Give q(z).
-9
Let h(n) = 5*n**3 + 15*n**2 + 11*n + 5. Let i be h(-2). Let r(s) = -2*s**2 + 8*s - 1. What is r(i)?
5
Let a(t) be the first derivative of 2*t**3/3 - 7*t**2 - 14*t - 30. Let y be a(8). Let q(g) = -9 + 4 + 3 - g**3 + 4*g**y + 5*g. What is q(5)?
-2
Let y(f) = -2*f + 8. Let c(q) be the second derivative of 5*q**3/6 - 23*q**2/2 - 4*q - 17. Let i(w) = -3*c(w) - 8*y(w). Give i(5).
10
Let k(x) = 5*x**2 - 8*x - 2*x**2 - 2*x**2 + 0*x. Let w be (-80 + -2)*-1*4. Let s be w/40 - (-1)/(-5). Determine k(s).
0
Suppose 0 = 3*s, 0 = -4*k + 2*k + 2*s - 6. Let v(a) = -88*a**2 - 89*a**2 + 19 + 178*a**2 - 22. What is v(k)?
6
Let o(a) = -3*a - 31. Suppose 31*l - 32*l = x + 16, 0 = 5*l - 4*x + 44. What is o(l)?
5
Suppose 4*r - 49 = -c, 3*r = 4*c - 2*c + 45. Let j be -14 + r - (4 + 1). Let x(k) = -k - 4. Give x(j).
2
Suppose -216 = -4*d - 32. Let y(h) = 47*h + 0 - 6 - 7*h**2 - d*h - h**3 - 2. Calculate y(-7).
-15
Let g be ((-2)/(-2))/(36/108). Let p(v) be the third derivative of 0 + 0*v + 0*v**3 + 1/3*v**4 - 8*v**2. Calculate p(g).
24
Let b = 317 + -314. Let n(r) = 2*r**b - r**3 + 74*r**2 - 40*r**2 - 6 - 38*r**2 - 10*r. Calculate n(6).
6
Let q(z) be the first derivative of -7*z**2/2 - 4*z - 6. Suppose -2*r + 6 = -2*a, -14*a + 7 = -19*a - 3*r. What is q(a)?
10
Let b = 168 + -160. Let m(p) = -5*p - b*p - 6*p + 16*p. Determine m(3).
-9
Let r(f) = -f**3 - 8*f**2 + 7*f - 12. Let b be (-35)/((-175)/(-60))*(-10)/(-3). Suppose -2*u = -3*l + 56, u + 0*u = 4*l - 23. Let c = b - u. Determine r(c).
6
Let k(s) = s**3 + 7*s**2 + 7*s + 7. Let r be 6 - (-28 - 2) - 2. Let w = -40 + r. Determine k(w).
1
Suppose 4*t = 36*n - 39*n - 31, 0 = -t - 4. Let l(d) = -d**2 - 3*d + 12. What is l(n)?
2
Let i(z) = z**3 + 3*z**2 + 30. Let d be 84/24*(2/5 + (-540)/350). What is i(d)?
14
Let c(m) = -6*m + 161. Let o be 2/11 - (-18176)/704. Calculate c(o).
5
Let a = 3 + -2. Suppose 0 = 3*z + 2*m + a, 2*z + 3*z - 1 = -2*m. Let v be z/4 + 10/(-40). Let w(h) = -h + 7. What is w(v)?
7
Let j(d) be the second derivative of -d**6/180 + d**5/60 - 29*d**4/4 - 3*d - 7. Let f(n) be the third derivative of j(n). Give f(2).
-6
Let a(t) = 2*t - 75 + 37 + 25 - 3*t. What is a(-7)?
-6
Let n(c) be the first derivative of -19 - 6127*c + 2*c**2 - 4 + 6131*c. Calculate n(-3).
-8
Let k(z) be the first derivative of z**4/2 + 7*z**3/3 - z**2 + 9*z + 5355. Determine k(-4).
1
Let j(b) = -b**2 - 3*b + 38. Let v(n) = -n**2 - 49*n - 214. Let q be v(-5). Calculate j(q).
-16
Let v(q) = 6*q**3 - 12*q**2 - 22*q + 6. Suppose 357 = -3*l + 372. Let w(k) = 4*k**3 - 8*k**2 - 14*k + 4. Let x(z) = l*v(z) - 8*w(z). What is x(-2)?
26
Let x(o) = 10*o - 12. Let h(n) = 2*n - 1. Suppose -18*g + 15*g - 3 = 0. Let s(t) = g*x(t) + 6*h(t). Give s(-4).
-2
Let y(w) = -3*w + 21*w + 713 + 13*w + 16*w - 21*w. What is y(-27)?
11
Let z(b) = -94*b - 15. Let p be z(0). Let g(v) = v**2 + 12*v - 72. Calculate g(p).
-27
Let x be ((-2)/2)/((-2)/4). Suppose a - 3*d - 4 = -x*d, -d - 2 = 0. Let o(m) = -7*m - 2*m - 90 + 81 + m**3 + 5*m**a. Calculate o(-6).
9
Let f(p) = -180 - 15*p - 518 + 21 + 59. What is f(-41)?
-3
Let x(z) = -21*z - 4 - 2 - 2 + 0. Let o be x(-4). Let v be o/12 + 3/(-9). Let t(a) = a - 8. What is t(v)?
-2
Let n(d) = -16*d + 1. Let m(v) = 45*v - 3. Suppose -90*u = -106*u + 176. Let q(h) = u*n(h) + 4*m(h). Give q(-2).
-9
Suppose 90*j + 204 = -14*j + 2*j. Let s(w) = 4*w**2 + 2. Give s(j).
18
Let b(u) = u + 18. Suppose 0 = 13*r - 1547 - 3328. Let a = r + -382. Determine b(a).
11
Let p(k) = 34*k**2 - 34 + 21 - 2*k + 22 + 22 - 33. Give p(-1).
34
Suppose 2*b - t = -0*b + 14, 4*t = -32. Let d(h) be the first derivative of -11/3*h**b + 22 - 11/2*h**2 - 11*h + 1/4*h**4. Determine d(12).
1
Let f(j) = 22*j - 24. Let n be ((-200)/30)/(4/((-24)/5)). Calculate f(n).
152
Let l(n) = -n**2 + 6*n + 1. Let u(w) = w**3 - 4*w**2 + 3. Let x be u(4). Let q(i) = -i**3 + 2*i**2 + i. Let b be q(x). Let g be (-166)/(-34) - b/51. Give l(g).
6
Let m(n) = -2*n - 31. Let s(k) = -16*k + 976. Let v(w) = 12*m(w) + s(w). Calculate v(15).
4
Let g be 6 + -3 + (-9)/(-3). Let x(u) = 15*u - 29. Let y(n) = -8*n + 15. Let k(a) = g*x(a) + 11*y(a). Suppose 6*r = -24 + 66. Calculate k(r).
5
Let z(s) = -6*s - 1. Let k be z(-1). Suppose 0 = 4*y + k*f + 179, -48 = 2*y - 2*f + 46. Let a = y + 43. Let l(i) = -i**3 - 4*i**2 - 3*i. Give l(a).
0
Let w(b) = 12*b + 1. Let x(d) = -2 - 38*d + 1 + 25*d. Let k(l) = -6*w(l) - 5*x(l). Let h(a) = -15*a - 2. Let v(s) = 6*h(s) - 13*k(s). Give v(-1).
0
Suppose 7*z + 43 = -748. Let b = -120 - z. Let c(l) = 3*l**2 + 27*l + 27. Let k(p) = p**2 + 9*p + 9. Let x(a) = -2*c(a) + 7*k(a). Calculate x(b).
-5
Let h = -78 - -81. Let o(f) = f**2 - 4*f - 5. Let k be o(5). Let z(m) = -3*m - 11*m - 4 + 19*m + k. Give z(h).
11
Let i(n) = n**3 - n**2 + 1. Suppose 187 = 5*k - 4*r, -5*k + 2*r = -132 - 49. Let a be (-4 - -1)*2*(-44)/(-8). Let b = a + k. Determine i(b).
5
Suppose 29*i + 70 = 592. Suppose 51*l - i = 48*l. Let d(w) = -2*w + 3. Calculate d(l).
-9
Let o(d) = -7*d**2 + 2*d - 2. Suppose 0 = 25*t - 17*t - 32. Suppose -t*p - 20 = -28. Determine o(p).
-26
Let a(u) = -7*u + 5. Let t(y) = 15*y + 212. Let g be t(-14). Suppose 0 = -6*x + 9*x + d - 3, -16 = -5*x + g*d. Calculate a(x).
-9
Suppose g = 3*g + 6. Let u be (12/(-18))/(1/g). Let a(z) = 7 - 7*z - 1 - 9*z**u + 6*z**2 + 4*z**2. Determine a(4).
-6
Suppose 22 = 1080*u - 1069*u. Let c(d) = d**3 - 4*d**2 + 11*d - 6. Let x be c(u). Let t(f) = f**2 - 4*f + 2. Determine t(x).
34
Let o(z) be the first deriva